132*g - 18*g**2 + 9*g**3 - 136*g. Give v(-6).
-5
Let b(u) = 2*u**3 + 0*u**2 + u**3 - 4*u**3 - 3*u**2 - 4 - 5*u. Let j be -1 + 6*2/2*(-307)/921. Calculate b(j).
11
Let p(z) = -18*z**2 + 4*z - 3. Let k be 6 - 60/18*6/4. Calculate p(k).
-17
Let h(w) = w**2 - 13*w - 14. Let c(a) = -a**2 + 15*a + 16. Let v(z) = 3*c(z) + 4*h(z). What is v(9)?
10
Let q(o) be the first derivative of 2*o**3/3 + 7*o**2 - 7*o + 42. What is q(-11)?
81
Let k(l) be the third derivative of 1/60*l**5 - 7/24*l**4 - 7/6*l**3 - 1 + 0*l - 24*l**2. Calculate k(7).
-7
Suppose -3*p + 4 - 13 = 0. Let u = 44 + -42. Let i(h) = -2*h - 4*h**u - 42 + 43 - 2*h. What is i(p)?
-23
Suppose -c = s, -2*s + 3 = -7. Let v(x) = x**3 + 8*x + 5 + 306*x**2 + 176*x**2 - 1 - 475*x**2. Calculate v(c).
14
Let j(h) be the third derivative of -h**4/12 - 29*h**3/6 - h**2 + 365. Determine j(-13).
-3
Let r = -330 - 20. Let t = r - -355. Let a(l) = -4*l - 13. Let s(p) = 2*p + 7. Let d(k) = 3*a(k) + 5*s(k). Give d(t).
-14
Let o = 32 + -28. Suppose -c + 84 = -5*c + 5*t, -o*c + 4*t = 80. Let z(y) = -y**2 - 15*y + 7. Determine z(c).
-9
Let m(x) = -13*x**3 - 14*x**2 - 17*x - 13. Let u be (-7 - -8)*-11 + (-10)/(-2). Let r(o) = 7*o**3 + 7*o**2 + 9*o + 7. Let f(v) = u*m(v) - 11*r(v). Give f(-5).
36
Suppose f = -4*p + 4, 2*p + 16*f - 8 = 17*f. Let x(r) = -566 + 284 + 285 + 3*r - r + r**p. What is x(-4)?
11
Let y = -9 - -9. Let o(k) = k + 5 + 3*k + 2 + y*k. Let s(x) = x**3 - 9*x**2 + 16*x - 69. Let g be s(8). Give o(g).
-13
Let u(p) = -p**3 + p**2 + 20*p + 4. Let x be u(0). Let v(t) = 8*t + 3. Let y be v(3). Let n(w) = 4*w**2 - w**3 + x*w - 5*w + y - 12 - 16. Give n(4).
-5
Let x(s) = 3*s + 14. Suppose 108 + 44 = -38*q. Give x(q).
2
Let n(v) be the second derivative of 17/12*v**4 - 1/60*v**5 + 0*v**2 - 6*v + 1/240*v**6 + 0*v**3 + 0. Let m(s) be the third derivative of n(s). What is m(4)?
10
Let v(u) be the second derivative of u**4/4 - 5*u**3/3 - 8*u**2 - 348*u + 1. Determine v(6).
32
Let i(l) = -2 - l**2 + 42*l - 31*l - 33. Calculate i(6).
-5
Let k be 0 - 9/(18/(-16)). Suppose -47 + 7 = k*j. Let l(x) = 5*x**2 - 7*x - 5. Let v(w) = 2*w**2 - 2*w - 2. Let d(c) = -3*l(c) + 8*v(c). What is d(j)?
-1
Let q(z) = 9*z**3 - 24*z**2 - 5*z + 9. Let b(l) = -7*l**3 + 22*l**2 + 4*l - 10. Let s(m) = 4*b(m) + 3*q(m). What is s(16)?
3
Let x(m) = 2*m + 5. Suppose 5*v + 56 = 12*v. Let o be ((-28)/v - -5)*2. Suppose 32 = -3*a - 5*w, o*a - 2 = w - 10. Calculate x(a).
-3
Let z(u) be the second derivative of -u**5/20 - u**4/3 + u**3/3 - 11*u**2/2 - 2*u + 15. Give z(-5).
4
Let b(h) = 26*h**3 + 3*h**2 + 3*h - 1. Let l(p) = p**3 - 2*p**2. Let m(g) = b(g) + 2*l(g). What is m(1)?
29
Suppose 2143 + 684 = -257*d. Let z(c) = -3*c**2 - 18*c + 20. Calculate z(d).
-145
Let b be 0/(3/6*-4). Let g be b/(-3 - -1) - -5. Let j(y) be the second derivative of -y**3/6 - 2*y**2 - 16*y - 3. What is j(g)?
-9
Let h(o) = 21*o + 112. Let d(b) = -47*b - 224. Let x(g) = 4*d(g) + 9*h(g). Determine x(0).
112
Let r(h) = -20*h + 12. Suppose p + 23 = 6*b, -3*b + 1 = -2*p - 6*b. Determine r(p).
112
Let f(a) be the first derivative of a**5/15 + 5*a**4/8 + a**3 + 2*a**2 - 16*a + 338. Let t(x) be the second derivative of f(x). Determine t(-4).
10
Let i = -1039 + 1033. Let p(v) = -9*v**2 - 51*v + 19. Let f be p(i). Let m(w) = 25*w + 15. Let r(s) = 12*s + 7. Let o(j) = 6*m(j) - 13*r(j). What is o(f)?
-7
Let c(r) = r**2 + 12*r + 2. Let t = -319 + 307. Let j be c(t). Let i(z) = -2*z**2 - 1. Determine i(j).
-9
Let j(x) = x**3 + 27*x**2 - 56*x + 67. Let f(s) = s**3 + 2*s**2 + 6*s + 151. Let z be f(-6). Give j(z).
9
Let s(u) = u**3 + 44*u**2 + 71*u - 565. Let n be s(-42). Let q(k) = -2*k**2 - 38*k - 5. Give q(n).
-5
Let d(s) = s**2 - 8*s + 2. Let n be d(8). Let q(p) = 17 + 4*p**n - 6*p**2 - 31 + 17. What is q(4)?
-29
Let f(h) be the third derivative of -h**5/60 - 7*h**4/12 + 71*h**3/2 + h**2 + 7*h + 26. Calculate f(9).
6
Let w(f) be the second derivative of f**4/12 - 3*f**3 - 47*f**2/2 + 334*f. Give w(20).
-7
Let r = 1561 + -1557. Let x(g) = 4*g**2 + 10*g - 8. Let z(y) = -y**2 - y + 1. Let t(s) = -x(s) - 6*z(s). Determine t(r).
18
Let r = 4249 - 4250. Let n(t) = 6*t**3 + 2*t**2 - 5*t - 3. Calculate n(r).
-2
Let j = 16032 - 16035. Let u(g) be the third derivative of g**4/24 + g**3/3 + 2*g**2. Give u(j).
-1
Let p be ((-66)/792)/((-2)/264). Let x(z) = z**3 - 9*z**2 - 19*z - 26. Calculate x(p).
7
Let q(a) be the second derivative of a**7/840 + a**6/90 - a**5/24 - a**4/8 + 157*a**3/3 + 7*a - 12. Let b(j) be the second derivative of q(j). Calculate b(-5).
-3
Let h = 96 + -91. Suppose 5*p - 20 = h*b, p + 2*p - 13 = 4*b. Suppose 0*s + 15 = p*s, 5*j + 5 = 2*s. Let u(n) = -n**2. What is u(j)?
-1
Let c be ((-7)/2)/(3 + 49/(-14)). Let u(b) = -2*b + 26. Let j(t) = -3*t + 37. Let p(s) = 5*j(s) - 7*u(s). What is p(c)?
-4
Let v(h) = -3*h - 18. Suppose -32 = 1096*n - 1097*n - 4*i, n - 4*i = -32. Determine v(n).
-18
Let v(l) = 54 - 228 + 73 - 754*l + 764*l. Give v(6).
-41
Suppose 0 = -17*x + 10*x + 35. Suppose 4*u = -2*n + 6*u, -2*u = -x*n - 15. Let w(q) = 2*q + 7. Calculate w(n).
-3
Let d(c) = -c**2 - 2*c - 1. Suppose 19 = -5*t - u, 5*t + 3*u + 17 = -0. Let f be 2*(5 + 115/(-10) - -6). Let n be 5 + -8 + (t - f). Determine d(n).
-25
Let x(g) be the third derivative of g**6/120 - g**5/60 - g**4/12 - g**3/2 + 264*g**2 + 2*g. Determine x(4).
37
Let u(o) = -6*o + 1. Suppose 2*x = 3*r + 1, x + 7*r - 23 = 4*r. Suppose -5*d = -3 + x, 5*g = 4*d + 34. What is u(g)?
-35
Suppose 273 = 2*h - r, -132 - 6 = -h + r. Let q = h - 137. Let w(k) = 0*k + 2*k + k - k**3 + 1. What is w(q)?
3
Suppose 3*s + 27 = 4*g, 7*s - 3*s + 22 = 3*g. Let w = 25 + -22. Let l(f) = w - 88*f**2 - 2*f + f**3 + 82*f**2 + 0. What is l(g)?
-9
Let z(o) be the third derivative of -5*o**2 - 1/6*o**3 + 11/8*o**4 - 8 + 0*o. Give z(1).
32
Let n(s) be the second derivative of s**5/40 - 5*s**4/6 - 103*s**3/3 + 163*s. Let u(l) be the second derivative of n(l). Determine u(5).
-5
Let d = -26231 - -26230. Let g(j) = -2*j + 7. Calculate g(d).
9
Let w(z) be the second derivative of z**4/12 - z**3/6 - 3*z**2/2 + 208*z + 36. Let l(x) = x**3 + 5*x**2 + 3. Suppose s = -3*s - 20. Let a be l(s). Give w(a).
3
Let r(q) be the second derivative of -q**6/120 + q**4/24 + q**3/2 - 19*q**2/2 - 29*q. Let d(i) be the first derivative of r(i). Let k = -6 + 6. Calculate d(k).
3
Let t(u) = -25*u + 0 - 8 - 6 - 4. Give t(-3).
57
Let o(n) = 3*n - 3. Let v(j) = 3*j + j**2 + 997 + j**2 - 1006. Let x be v(-4). Let g = 13 - x. Calculate o(g).
3
Suppose -3*l + 15 = 4*s - 162, 131 = 3*s + 4*l. Let j = 47 - s. Let p(o) = 2*o**j - 3*o**3 + 0*o**3 - 3*o**3 + 5*o**3. What is p(2)?
0
Let z(f) = f + 3. Let t(a) = -3*a + 11. Let w(i) = t(i) - 4*z(i). Let b(l) = -6*l - 3. Let v(d) = -4*b(d) + 3*w(d). Suppose 24 - 6 = -3*n. Determine v(n).
-9
Let g(k) be the first derivative of k**3/3 - 5*k**2/2 - 7*k - 371. Give g(6).
-1
Let w(r) = 6*r**2 - 57*r + 4. Let d(i) = -i**2 + 11*i - 3. Let f(y) = -5*d(y) - w(y). Give f(8).
-37
Let k(x) = 8*x - 64. Let v = -9826 + 9834. Give k(v).
0
Suppose 55 = -58*x + 165 + 122. Let o(d) = 9*d - 39. What is o(x)?
-3
Let t(o) = -o**2 + 8*o - 5. Suppose 4 = 2*x - 6, 4*x = i - 7. Suppose i*h = 97 + 38. Determine t(h).
10
Let k = -146 - -149. Let f(q) = 14*q - 20 - k*q + q + 23. What is f(-2)?
-21
Let l(f) be the first derivative of f**3 - 17*f**2/2 + 17*f - 249. Give l(6).
23
Let s(c) = -c - 7. Let r = -22 + 39. Let d be (r/(-3) - 1)/((-14)/42). Let i = 20 - d. Determine s(i).
-7
Let v(w) = 4*w + 5. Suppose 0 = -2*x + 5*o - 10, -o = 3*x - 6*o + 10. Let g be v(x). Let t(c) = 7*c + 7 + 5 - g - 4. Determine t(-3).
-18
Suppose -51*v + 56*v + 6*m + 11 = 0, -2*v = -5*m + 34. Let l(g) = -g**2 + 5*g**2 + g**3 + 8 + 2*g**2 - 6*g. Give l(v).
1
Let s(h) = -3*h + 6. Let d(t) = -2*t + 4. Let z(u) = 7*d(u) - 5*s(u). Let b = -2109 + 2105. What is z(b)?
-6
Let h be (5 - 1)*1*3/12. Let u(l) = 1 + 5*l + 8 - 10 - h + 4*l**2 - l**3. Give u(4).
18
Let j(f) be the third derivative of -f**4/24 - f**3/6 + f**2. Suppose -5*h = -23*h + 252. Suppose 29 + 41 = h*s. What is j(s)?
-6
Let r(m) = -m**2 + 15*m + 19. Suppose 109*y = 133*y - 384. Give r(y).
3
Let g(k) = -3*k**2 - 98 + 2*k + 5*k**2 - 111 + 200. What is g(2)?
3
Let r(m) = m**3 - 4*m**2 - 14*m + 9. Let u = 13687 + -13681. Calculate r(u